ds digit of (-21 - 19545)/(-9) + 1 + 2*3?
2
Let h(i) = i**2 - 6*i - 8. Let u be h(7). Suppose 12*v + 21 = -3. What is the units digit of u*v/10 + (-194)/(-5)?
9
Suppose -170*t + 175*t = 30. Let o(x) = 12*x - 2*x + 8*x - 8 + 8*x. What is the units digit of o(t)?
8
Let i(f) = -46*f**3 + 15*f**2 + 32*f - 33. What is the hundreds digit of i(-7)?
2
Suppose -5*w = -3*a + 1, -5*w + 13 = a + 46. Let s be (-17)/((-34)/a) - -3*4. What is the units digit of (5355/(-70))/(-1 - (-2)/s)?
2
What is the units digit of ((-61686)/135)/(2/(-20)) + 2/3?
0
Let q(z) = 0*z + 2*z - 6*z + 3*z. Let d(y) = -y - 17. Let b(a) = -d(a) + 3*q(a). What is the tens digit of b(-7)?
3
Suppose d + 195 = 6*d. Suppose 0 = 3*z - d - 42. Suppose -3*b + 42 = -z. What is the tens digit of b?
2
Suppose n + 3*d = -10, 2*d + 5 + 10 = n. Suppose -n*l + 1535 = 4*z, 2*z - 910 + 143 = -3*l. What is the units digit of z?
5
Let l = -63176 + 108965. What is the units digit of l?
9
Let k(b) = -b**3 - 5*b**2 - 4*b. Let m be k(-4). Suppose m = -v + 2*f + 301, 2*v - 608 = 13*f - 12*f. What is the tens digit of v?
0
Let r be (-334)/2 - 1 - 2. Let m(h) = 14*h**2 + 14*h - 30. Let g be m(-5). Let p = g + r. What is the units digit of p?
0
Suppose -12*k - 18*k + 3360 = 0. Suppose 345 = c + 4*c. Let y = k + c. What is the tens digit of y?
8
Suppose -5*u - 4 = -5*v + 26, 0 = 2*v + u. Suppose 3*o - 392 = -v*i - 3*i, 4*i - 4 = 0. Let c = 228 - o. What is the tens digit of c?
9
Let y(t) = -t**3 + 15*t**2 + 12*t + 66. Let i be y(16). Suppose 6 + 1694 = 3*g + i*c, -2*g + 3*c = -1155. What is the hundreds digit of g?
5
Let b = -103 - -39. Let l = b - -73. What is the tens digit of l/(-3)*121/(-3)?
2
Let x be (-21)/14*3*40/36. What is the tens digit of (-12420)/(-25) - (26/(-5) - x)?
9
Let j = 397 + -388. Suppose j*w - 6*w = n + 4066, 1337 = w - 4*n. What is the hundreds digit of w?
3
Let h(t) = 45*t - 302. Let k be h(7). Let a(q) = 3*q**2 + 6*q + 23. What is the hundreds digit of a(k)?
6
Suppose -4*z - p + 53858 = 0, 40383 = 3*z + 45*p - 46*p. What is the hundreds digit of z?
4
Suppose -43*y = -11*y - 160. What is the thousands digit of ((-18)/(-15))/(33/29755) - y?
1
Let b(w) = 293*w - 1508. What is the units digit of b(45)?
7
Let t(c) = -109*c + 13. Let k be t(2). Let s = 352 + k. What is the units digit of s?
7
Let g = -15302 + 10197. What is the units digit of -6*9/432 - g/8?
8
Let q(v) = -4*v - 403*v**2 + 20*v + 407*v**2 + 5. What is the tens digit of q(-5)?
2
Let p(m) be the second derivative of m**4 + 7*m**2 + 2*m - 25. What is the units digit of p(-6)?
6
Let o be -18 - (6/(-3) + 0). Let v = o - -18. Suppose 4*b - v*r - r = 247, 38 = b + 4*r. What is the tens digit of b?
5
Let p be -1428*(6/((-48)/20) + 2). Suppose 0*d - p = -3*d. Let g = d + -133. What is the tens digit of g?
0
Suppose 2*n + 291 = 3*b, -207 = -453*b + 451*b - 3*n. What is the units digit of b?
9
Suppose -11*b + 104 = -3*b. Suppose 3*f + 5*l - 7 = b, -l - 24 = -5*f. Suppose -28 = -f*p + 697. What is the hundreds digit of p?
1
Let d(l) = -178*l**3 + l**2 - 1. Let b be d(-1). Suppose -p = i, -i + 2*p - 49 = -55. Suppose -i*k + b = 5*w - 147, -w - k = -68. What is the tens digit of w?
6
Suppose 0*b - 2*b + 18 = 3*x, 4*x - 31 = -5*b. Suppose -5*n = t - 87, n = -x*n - 5*t + 75. What is the tens digit of 12/(-9) - (-2724)/n?
5
Let z(b) = 13*b - 94. Let s be z(6). What is the units digit of s/(-88) - 3287/(-11)?
9
Let q = -60 + 22575. What is the ten thousands digit of q?
2
Let m be 9/(-5) - (-18)/(-90). Let h(v) = -94*v**3 + 3*v + 7. What is the hundreds digit of h(m)?
7
Let l = -45759 - -89421. What is the units digit of l?
2
Let j(g) = -5*g - 6. Let v be j(-2). Suppose -3*q + h = 204, 2*q + 4*h - 126 = v*q. Let k = q - -75. What is the units digit of k?
6
Let t(k) = -k**3 - 17*k**2 + 18*k + 11. Let h = 27 + -14. Suppose -301 = h*q - 67. What is the tens digit of t(q)?
1
Let y = 112 + -21. Let k = y - 94. What is the tens digit of (((-55 + k)/2)/1)/(-1)?
2
Let q(f) = 2*f**2 - 6*f + 6. Let a = -20 - -22. Let k be q(a). Suppose -207 = -x - k*x. What is the tens digit of x?
6
What is the hundreds digit of 49 - 48 - (-2 + -20992)?
9
Let o(t) = 3*t**2 + 26*t + 29. Let i be o(-8). Suppose -12641 = -i*h - 4165. What is the hundreds digit of h?
6
Suppose 3*q - 65531 = -v, 18*v = q + 20*v - 21847. What is the units digit of q?
3
Let t be 6 - (6/(-2) - -6). Suppose 60 = b - l, -12 - 3 = -t*l. Let d = 114 - b. What is the units digit of d?
9
Suppose 6*i - 3*o - 4 = 2*i, -4*i = -4*o - 8. What is the tens digit of 3/15 - (i + (-495)/25)?
2
Let v be (53 - (-3)/3) + 0. Suppose 528 = v*j - 52*j. Let q = -146 + j. What is the tens digit of q?
1
Suppose 13*o - 12462 = -2*j + 17*o, 0 = 5*o - 25. What is the hundreds digit of j?
2
Suppose 3*v - 2*p - 11 + 2 = 0, -v - p = 2. What is the hundreds digit of (-917)/(-2) - ((-6)/(-12) - v)?
4
Suppose -18*m - 7000 = -8*m. Let r = 1346 + m. Suppose -5*i + r = 46. What is the tens digit of i?
2
Let s be 11188/36 + -1 - (-2)/9. Suppose 0 = -w - 2*k + 304, w = -5*k + 9*k + s. What is the hundreds digit of w?
3
Let z = -297 + 309. Suppose 3190 = z*r - 7130. What is the tens digit of r?
6
Let l(n) = 373*n + 290. What is the hundreds digit of l(4)?
7
Let f be 48138/(-90) + (-22)/165. Let r = f + 1163. What is the tens digit of r?
2
Suppose -296*n + 4197506 = -5640646. What is the units digit of n?
7
Let n(l) = l**2 + 19*l - 42. Let i be n(-21). Suppose i = 3*s - 18 - 204. Let c = s + 95. What is the tens digit of c?
6
Suppose -5*x = 5*q + 21585, -5*q - 2*x + 0*x - 21573 = 0. Let c = -2487 - q. What is the units digit of c?
6
Let p(h) = -h**2 - 5*h + 4. Let j be p(-5). Suppose 301 = l - j*u - 421, 2144 = 3*l - u. What is the units digit of l?
4
Let m = 21738 + -10223. What is the tens digit of m?
1
Suppose 15*s - 50789 = 1216. What is the hundreds digit of s?
4
Let b = 298 - 295. Let g(a) = a**3 - 2*a**2 + 5*a + 7. What is the tens digit of g(b)?
3
What is the ten thousands digit of (-56)/7 - (7 - 4) - -29639?
2
Let j(p) = 14*p + 5. Let u be j(-1). What is the units digit of (-10)/4*-286 + (u - -9)?
5
Let x = 27174 + -4904. What is the ten thousands digit of x?
2
Let f = -6 + 56. Suppose -53 = x + 3*r, 3*x + 6*r + 124 = 4*r. Let d = x + f. What is the tens digit of d?
1
Let f be (-122)/14 + (-2)/7. Suppose 53*d - 86*d - 73 = -7. What is the tens digit of (-3)/d*(-6)/f - -41?
4
Suppose v - 135 = 4*a, -2*v = -2*a - 5*v - 57. Suppose 17*q - 19*q = -112. Let m = q + a. What is the tens digit of m?
2
Let f(d) = d**3 - d**2 + 4*d. Let o be f(0). Suppose o = -25*t + 21*t - 5*i + 2303, 0 = -3*t + 3*i + 1734. What is the units digit of t?
7
Let s be 2/(-11) - 184/(-44). Suppose 0 = -c - 5, 2*w - s*c - 298 = -50. Suppose 30 = -2*j + w. What is the units digit of j?
2
Let u = -13817 - -26694. What is the thousands digit of u?
2
Suppose k = -3*s + 3979, -4*k - 10*s + 9*s = -15894. What is the hundreds digit of k?
9
Suppose 23*j + 414601 - 1113301 = 11*j. What is the hundreds digit of j?
2
Let q(z) = 7 - 3 + 2*z - 2 + 3*z. Let h(x) = -11*x - 3. Let j(l) = 4*h(l) + 9*q(l). What is the tens digit of j(5)?
1
Let v = 2331 - 1487. Suppose -43*t = -21430 - v. What is the hundreds digit of t?
5
Suppose 15*v - 16*v - 3*t = -6566, -v + 6576 = 5*t. What is the units digit of v?
1
What is the tens digit of 3/(-1) - (-25)/(25/927)?
2
Let o(y) = -20*y + 5. Suppose -m + 3 = -5*h - 15, m + 4*h + 18 = 0. What is the units digit of o(m)?
5
Suppose -11*p + 36 + 19 = 0. Suppose f - 1147 = 4*u, -f + p*u - 300 = -1442. What is the units digit of f?
7
Let l(m) = 9748*m**2 - 105*m + 215. What is the units digit of l(2)?
7
Let i(m) = -6*m + 3. Suppose 3*w = 161 - 26. Suppose -3*u - 2*u + 5 = 3*a, -5*u + w = -5*a. What is the tens digit of i(a)?
3
Suppose 38171 = t + 3*l, -5*t + 109*l + 190983 = 108*l. What is the ten thousands digit of t?
3
Let f(x) = -4*x - 1. Suppose -14*n - 7*n = -4*n. Let z be f(n). Let v = 168 + z. What is the units digit of v?
7
Let k = 19196 + -9562. What is the thousands digit of k?
9
Let m be ((-24)/(-15))/((-18)/(-45)). What is the hundreds digit of -2 + (347 - (-6 + m))?
3
Suppose -13*w + 2949 + 228839 + 158706 = 0. What is the units digit of w?
8
Let s = 8 - -36. Suppose -4*d - 4*f - 4 = 0, -4*d + 4*f - s = -0*f. What is the tens 